 the tens digit of q?
6
Let k(o) = 2676*o**2 - 126*o - 35. What is the ten thousands digit of k(-5)?
6
Let p(t) = 4*t - 43. Let l be p(12). Suppose 0 = 4*j - 3*j - 2*n - 21, -2*n = j - l. Let r = j - -146. What is the tens digit of r?
5
Let d(h) = -12*h - 20. Let z be d(-4). Let g(r) = z - 3*r + 0*r - 6*r - r. What is the units digit of g(-10)?
8
Let x be 1584/60 + (-2)/5 + 1. Suppose 10*j - 23 = x. What is the units digit of j?
5
Let s = -119 - -69. Let g be ((-2)/5)/(4/s). Suppose 2*z - 348 = 3*a, -214 = -z + g*a - 40. What is the hundreds digit of z?
1
Let l(c) = -12*c + 3. Let u be (130/(-25) - -4)*(5 + 0). Let g be l(u). Let w = g - 14. What is the units digit of w?
1
Suppose -408*a - 348255 = -423*a. What is the ten thousands digit of a?
2
Let o = 87 + 15. Let l = o - 100. Suppose -4*c = 5*n - 805, -l*c - 4*n = -203 - 207. What is the units digit of c?
5
Let n = -64 - -64. Suppose -3*x + b = -n*b - 44, x - b = 14. What is the tens digit of x?
1
Let p(j) = j + 16. Let g(x) = -x**3 + 13*x**2 - 2*x + 23. Let c be g(13). Let t be p(c). Suppose 842 + 1017 = t*q. What is the tens digit of q?
4
Let s(g) be the second derivative of 14*g**3/3 + 21*g**2 + 67*g. What is the units digit of s(10)?
2
Suppose -2*m + 8582 = 2*y - 35632, -2*y - m + 44208 = 0. What is the units digit of y?
1
Let t(v) = 4*v**2 - 12*v - 10. Let h be t(10). Let a be (-216 + 0/(-5))*2/(-4). Suppose 7*s - h = a. What is the tens digit of s?
5
Suppose -32*g + 29 + 131 = 0. What is the hundreds digit of 3 + (-1 - (-1432 + g))?
4
Let i be 43/2*((-16)/(-4) + 18). What is the hundreds digit of (i/(-172))/((-1)/108)?
2
Let q(i) = -661*i - 626. What is the units digit of q(-20)?
4
Let w(k) = 32*k - 2. Let z(i) = i + 4. Let x be z(3). Let s be w(x). Suppose -4*h + h + s = 0. What is the tens digit of h?
7
Let a be ((-4)/5)/(-2*(-1)/(-15)). Suppose 5*t - a*t = -2*c + 1144, -4 = 2*t. Let z = c + -361. What is the tens digit of z?
1
Suppose -4*y - 455 = y. Let m be (-208)/y - (12/(-14))/(-3). What is the units digit of m/(-1 - 4/(-3))?
6
Let w = -28 - -32. Suppose -6*l + 2*l = -8. Suppose -3*s + 3*r + 6 = -27, -3*s - w*r - l = 0. What is the units digit of s?
6
Let s(u) = -9*u + 3. Let p be s(2). Let i(v) be the third derivative of -13*v**4/24 - 49*v**3/6 - 162*v**2. What is the hundreds digit of i(p)?
1
Let f(b) = -b**3 - 13*b**2 + 48*b + 60. Suppose -v + 3*i = 12, 4*i - 84 = 5*v + i. What is the units digit of f(v)?
6
Suppose -36*w + 33*w = -6. What is the tens digit of (14/(-4))/(114/60 - w)?
3
Suppose -149313 = -37*c - 236635 + 647872. What is the units digit of c?
0
Let y(g) = -g**2 - 21*g - 34. Let r = -26 + 7. Let o be y(r). Suppose -5*b - 19 - 1091 = -4*l, -o*l = -3*b - 1106. What is the tens digit of l?
7
Suppose 1552312 = 35*v + 168727. What is the thousands digit of v?
9
Let m = 42 + -82. Let b = m - -535. What is the tens digit of (-8)/(-10)*b/18?
2
Let u = -12 - -26. Suppose u*p = 6*p. Suppose -378 = -p*s - 3*s. What is the units digit of s?
6
Suppose -10*i - 5*y + 34384 + 163471 = 0, 2*i + 3*y - 39585 = 0. What is the hundreds digit of i?
7
Let v(x) = -86*x**2 - 8*x + 1. Let f(t) = -128*t**2 - 11*t + 2. Let z(m) = -5*f(m) + 7*v(m). What is the units digit of z(3)?
6
Suppose 0 = -5*y + n + 17, -2*y + 5 = -2*n + 3. Let k(o) = 100*o - 73. What is the tens digit of k(y)?
2
Suppose 2*l + 2*l = 5*g + 35, -4*l + 39 = -g. What is the units digit of (-1 + -5)*-26*l/4?
0
Let f be 6*(6/12 - 0). Suppose -5*a + 1100 = -f*v - 493, v + 1 = 0. What is the tens digit of a?
1
Let x be (52/(-4) - -2)*13. Let c(y) = -4*y**3 + 7*y**2 + 30*y + 9. Let h be c(-4). Let z = x + h. What is the tens digit of z?
1
Suppose 6*l + 8414 = 35582. What is the units digit of l?
8
Let m = 422 - 370. Suppose -m*w + 68*w - 13440 = 0. What is the tens digit of w?
4
Let z be (-194)/22 + (-46)/253. Let g = 371 - z. What is the units digit of g?
0
Suppose 32*s + 2*f = 35*s - 145105, 2*f = -4*s + 193506. What is the thousands digit of s?
8
Let m = -9266 + 23243. What is the tens digit of m?
7
Let c(p) = -4 - p**2 - 24 + 16*p + 7. Let v be c(10). Suppose 0 = u - 20 - v. What is the units digit of u?
9
Suppose 118 + 307 = 3*m + x, 2*x + 2 = 0. What is the tens digit of m?
4
Let p(q) = -3*q**3 + 21*q**2 - 7*q + 69. Let l(w) = -2*w**3 + 11*w**2 - 4*w + 35. Let t(j) = 5*l(j) - 3*p(j). What is the tens digit of t(-13)?
0
Let x(l) = -l - 1. Let w be x(-1). Let b(o) = o**2 + 3*o - 123. Let r be b(w). Let v = r + 203. What is the units digit of v?
0
Let a = 37197 - 14241. What is the units digit of a?
6
Let b(q) = 37*q**2 + 5*q - 5. Let i be b(4). Let k = 1180 - i. What is the tens digit of k?
7
Suppose 6*y - 9*y + 603 = 0. Suppose -4*r = -3*n + 304, 3*n - 3*r - y = n. Suppose 0 = 2*l + n - 472. What is the tens digit of l?
8
What is the hundreds digit of -3*(424448/(-114) - 14/133)?
1
Suppose -35*z + 2*m + 34450 = -31*z, 5*z = -3*m + 43046. What is the tens digit of z?
1
Let j = -6551 + 12718. What is the hundreds digit of j?
1
Let w = 15 + -14. Suppose 2*q + w = -3, -4*h + q = -2. Suppose -k + 11 = -h*o + 4*o, -3*o = 9. What is the tens digit of k?
2
Let w be ((-1)/(-1) - 9)/(15 + -16). Suppose -w*l = 8*l - 1296. What is the tens digit of l?
8
Let p = -507 - -1439. Suppose -5*r + p = 3*l, -4*r - 1544 = -5*l - 3*r. What is the hundreds digit of l?
3
Let l = -178 + 192. What is the units digit of (-3 - l/(-5)) + 2037/35?
8
Let a = -101 + 278. Let r = 160 + a. What is the hundreds digit of r?
3
Suppose 55419 = 4*j - 5*w, 36*w + 41588 = 3*j + 37*w. What is the hundreds digit of j?
8
What is the units digit of 11472 + (-1 - 1)*(6 + (-119)/14)?
7
What is the units digit of ((-891)/(-44))/((-9705)/(-2424) - 4)?
4
Let q(h) = -14*h - 16. Let c be q(-6). Let f = 37 + -34. Suppose 2*w - 111 = f*j, 2*w - w - c = 4*j. What is the units digit of w?
8
Let w = 310 - 308. Let x be 7 + 1 + 0 + -1. Suppose w*h + 115 = x*h. What is the tens digit of h?
2
Let b(n) = n**2 + 2*n + 3. Let c be 0/((1 + -2)*2/2). Suppose c = -5*h - 6 + 1. What is the units digit of b(h)?
2
Suppose -3*y = -5*g - 76, 0*g + 5*g = -25. Suppose 3*c - 2*c + y = 0. Let i = c + 188. What is the tens digit of i?
7
Let w(r) = 7*r. Let k(z) = -50*z - 131. Let d(l) = -2*k(l) - 14*w(l). What is the units digit of d(28)?
8
Suppose 175 = 14*n - 7*n. Suppose 100 - n = 5*v. Suppose -3 = 4*p - v. What is the units digit of p?
3
Let m be 72/33 - (-12)/(-66). Let n be (-2 - ((-6)/m - 2))/1. What is the units digit of (-5)/((-30)/44)*n?
2
Let p be (80/56 - 0)/((-2)/(-14)). Let m(t) = t**3 - 5*t**2 - 29*t + 34. What is the hundreds digit of m(p)?
2
Suppose -2*i + 2*b + 46058 = 0, 5*i - 4*b = 63536 + 51608. What is the ten thousands digit of i?
2
Let h be 16/(-4) + 463 + -3. Suppose 4*z + 4*w - h = 0, -4*w = z - 80 - 19. What is the hundreds digit of z?
1
Suppose -213*h = -230*h + 86292. What is the units digit of h?
6
Let m be (-50)/(-4)*64/160. Suppose 0 = m*n - 3671 + 556. What is the hundreds digit of n?
6
Let s(u) = 114*u + 49. Suppose 4*y - 3*i - 18 = 2*y, -5*i - 10 = 0. What is the hundreds digit of s(y)?
7
Let t(m) = 361*m + 2482. What is the units digit of t(44)?
6
Let v(x) = -2*x**3 + 2*x**2 - 7*x - 3. Suppose -4*i = i - 10. Suppose -5*a - 9 = -2*q, 0 = -4*q + a - i - 7. What is the units digit of v(q)?
0
Let p(k) = k**3 - 7*k**2 - 184*k + 15. What is the hundreds digit of p(21)?
3
What is the tens digit of (-12 - -18 - 16) + 38526?
1
Suppose 4*o - 75 = 3*m + 7*o, -m = 4*o + 31. What is the units digit of (-2 + 15/6)*(-5 - m)?
9
Let g(c) = -4*c**2 + c. Let p be g(-1). What is the tens digit of p + 1 - ((-18480)/(-7))/(-6)?
3
Let s be 1/(-3*(-5)/(-60)) + 15. Let m(z) = -4*z**3 + 47*z**2 - 13*z - 21. What is the hundreds digit of m(s)?
1
Let d = 145 - 127. Suppose d = 3*s + z, -s - 4*z = -0*z - 17. Suppose -l + 30 = 4*k - 95, l - s*k - 134 = 0. What is the tens digit of l?
2
Suppose 168*f = 173*f + 45. Let j(i) = -19*i - 143. What is the units digit of j(f)?
8
Suppose -k + 1 = -2. Suppose 3*o + 3*z = 801, k*o = -3*z + 2*z + 805. What is the units digit of o?
9
Suppose 4*b = -3*a + 196200, 6*a + 3*b - 288960 - 103410 = 0. What is the units digit of a?
2
What is the units digit of (-407)/(-66)*-50*(-41 - -2)?
5
Suppose 3*y - 4*s - 4 = 0, -s = -y - 0 + 2. Suppose -2*d + l = -184